 the remainder when 14487494 is divided by 3621822.
206
Calculate the remainder when 675313 is divided by 1976.
1497
Calculate the remainder when 24339148 is divided by 594.
592
What is the remainder when 86214576 is divided by 7885?
7871
Calculate the remainder when 13034523 is divided by 771.
768
What is the remainder when 52658 is divided by 52515?
143
Calculate the remainder when 26206070 is divided by 340338.
44
What is the remainder when 2079946 is divided by 6172?
6154
What is the remainder when 257501 is divided by 1250?
1
Calculate the remainder when 815677 is divided by 153.
34
What is the remainder when 9523899 is divided by 4761941?
17
What is the remainder when 845268512 is divided by 17797?
17794
Calculate the remainder when 41897993 is divided by 491.
472
What is the remainder when 72237 is divided by 17873?
745
What is the remainder when 1112025 is divided by 370673?
6
Calculate the remainder when 798038 is divided by 2687.
2686
What is the remainder when 818511 is divided by 4872?
15
What is the remainder when 13855 is divided by 425?
255
What is the remainder when 664455 is divided by 221484?
3
Calculate the remainder when 96944925 is divided by 48472458.
9
Calculate the remainder when 19911496 is divided by 875.
871
What is the remainder when 50680 is divided by 7217?
161
What is the remainder when 163283612 is divided by 1528?
4
What is the remainder when 2905254 is divided by 726302?
46
What is the remainder when 19953105 is divided by 7?
4
What is the remainder when 225578 is divided by 109869?
5840
What is the remainder when 5612540 is divided by 1827?
1823
What is the remainder when 68498 is divided by 4440?
1898
What is the remainder when 459943297 is divided by 100?
97
What is the remainder when 1482511 is divided by 25?
11
What is the remainder when 11853 is divided by 577?
313
Calculate the remainder when 17727902 is divided by 73.
71
What is the remainder when 213381 is divided by 53343?
9
What is the remainder when 3561383 is divided by 315?
308
Calculate the remainder when 1185038 is divided by 169253.
267
What is the remainder when 165939 is divided by 1079?
852
What is the remainder when 13538080 is divided by 10058?
12
What is the remainder when 2244582 is divided by 243?
234
What is the remainder when 582405 is divided by 2827?
43
What is the remainder when 1543260 is divided by 1024?
92
What is the remainder when 187224 is divided by 4844?
3152
What is the remainder when 44139809 is divided by 201?
8
What is the remainder when 11137928 is divided by 12?
8
What is the remainder when 73041 is divided by 6038?
585
What is the remainder when 524967 is divided by 161?
107
What is the remainder when 15134842 is divided by 2830?
2
What is the remainder when 1508499 is divided by 213?
33
What is the remainder when 20145910 is divided by 405?
400
Calculate the remainder when 101594648 is divided by 6360.
8
What is the remainder when 150697 is divided by 63?
1
Calculate the remainder when 70778 is divided by 17633.
246
Calculate the remainder when 169840 is divided by 56163.
1351
What is the remainder when 43455359 is divided by 90?
29
Calculate the remainder when 1276686 is divided by 170.
156
Calculate the remainder when 191356600 is divided by 1459.
1455
Calculate the remainder when 71202034 is divided by 36.
10
Calculate the remainder when 358283 is divided by 1455.
353
What is the remainder when 12857348 is divided by 243?
218
What is the remainder when 2439160 is divided by 10645?
1455
What is the remainder when 3366359 is divided by 548?
543
What is the remainder when 6906467 is divided by 13155?
92
What is the remainder when 1167624 is divided by 4357?
4305
Calculate the remainder when 3161455 is divided by 287404.
11
What is the remainder when 110502818 is divided by 3001?
2997
What is the remainder when 111568703 is divided by 24?
23
Calculate the remainder when 26149732 is divided by 1020.
1012
What is the remainder when 46666441 is divided by 13?
3
Calculate the remainder when 92340 is divided by 8385.
105
Calculate the remainder when 2913889 is divided by 66220.
209
Calculate the remainder when 2668463 is divided by 2349.
2348
What is the remainder when 551448 is divided by 215?
188
What is the remainder when 196767 is divided by 392?
375
Calculate the remainder when 30642456 is divided by 107.
10
What is the remainder when 28720064 is divided by 39?
35
Calculate the remainder when 15143899 is divided by 1892987.
3
Calculate the remainder when 1214602 is divided by 24292.
2
What is the remainder when 1569303 is divided by 6734?
281
What is the remainder when 3267039102 is divided by 277?
274
Calculate the remainder when 736788 is divided by 323.
25
What is the remainder when 2415441 is divided by 483079?
46
What is the remainder when 1062965 is divided by 655?
555
Calculate the remainder when 12810 is divided by 2194.
1840
What is the remainder when 6286319 is divided by 698464?
143
What is the remainder when 8508355 is divided by 81811?
11
Calculate the remainder when 21777090 is divided by 86.
84
Calculate the remainder when 6566038 is divided by 729559.
7
What is the remainder when 4504940 is divided by 116?
80
Calculate the remainder when 10897639 is divided by 229.
216
What is the remainder when 32400332 is divided by 790252?
0
What is the remainder when 87795929 is divided by 4530?
4529
Calculate the remainder when 11770 is divided by 1275.
295
What is the remainder when 60348 is divided by 6383?
2901
Calculate the remainder when 14266 is divided by 1161.
334
Calculate the remainder when 411364 is divided by 102365.
1904
Calculate the remainder when 75213 is divided by 14551.
2458
Calculate the remainder when 8400891 is divided by 247085.
1
Calculate the remainder when 2052492 is divided by 118.
0
What is the remainder when 5592406 is divided by 13981?
6
Calculate the remainder when 22164709 is divided by 31.
19
Calculate the remainder when 839917 is divided by 624.
13
Calculate the remainder when 825972 is divided by 825934.
38
What is the remainder when 6188932 is divided by 942?
934
What is the remainder when 1709274 is divided by 10752?
10458
What is the remainder when 40609625 is divided by 667?
664
What is the remainder when 30761 is divided by 1534?
81
Calculate the remainder when 1458530 is divided by 45571.
258
Calculate the remainder when 2305750 is divided by 382.
380
Calculate the remainder when 6876846 is divided by 458445.
171
What is the remainder when 2744536829 is divided by 256?
253
What is the remainder when 743455 is divided by 371711?
33
Calculate the remainder when 41234 is divided by 10254.
218
Calculate the remainder when 65560 is divided by 1296.
760
Calculate the remainder when 24290039 is divided by 164.
163
Calculate the remainder when 2792457 is divided by 153.
54
Calculate the remainder when 571565 is divided by 11191.
824
Calculate the remainder when 400748 is divided by 1061.
751
What is the remainder when 112841 is divided by 5396?
4921
Calculate the remainder when 629098157 is divided by 73.
71
Calculate the remainder when 36334 is divided by 828.
730
What is the remainder when 616652 is divided by 108?
80
Calculate the remainder when 11740289 is divided by 19.
18
Calculate the remainder when 8930605 is divided by 106.
105
What is the remainder when 421791 is divided by 47?
13
What is the remainder when 22346688 is divided by 8736?
0
What is the remainder when 10747405 is divided by 193?
7
Calculate the remainder when 21059 is divided by 4112.
499
Calculate the remainder when 1371692 is divided by 3413.
3079
What is the remainder when 574437 is divided by 191272?
621
What is the remainder when 1194396 is divided by 121?
5
Calculate the remainder when 25052147 is divided by 3131515.
27
What is the remainder when 39596070 is divided by 1264?
6
What is the remainder when 22813 is divided by 174?
19
What is the remainder when 42963469 is divided by 55942?
13
What is the remainder when 326847 is divided by 1122?
345
Calculate the remainder when 10024544 is divided by 3341514.
2
What is the remainder when 2956158 is divided by 1478042?
74
Calculate the remainder when 84841 is divided by 28242.
115
What is the remainder when 49511 is divided by 328?
311
Calculate the 